.
5, 17
Suppose 12*q - 23*q = -7436. List the prime factors of q.
2, 13
Suppose a = -3*a + 1060. Suppose 11*v = 32 + a. List the prime factors of v.
3
Let u = 1032 - 725. What are the prime factors of u?
307
Let l = -90 - -94. Suppose -4*m - l*b + 4 = -484, -m = -2*b - 137. List the prime factors of m.
127
Suppose -32*c + 31*c + k + 2464 = 0, 4*c - 9858 = 2*k. What are the prime factors of c?
5, 17, 29
Let z = -746 + 1521. What are the prime factors of z?
5, 31
Let k = 6635 + -4645. List the prime factors of k.
2, 5, 199
Suppose p = 1138 + 149. List the prime factors of p.
3, 11, 13
Let y be -14*(-7)/((-49)/(-2)). Suppose -129 = -u + y*r, -2*r + 16 = 2*u - 252. What are the prime factors of u?
7, 19
Suppose 4*v = 3*n + 6231, 3*n + 8761 - 973 = 5*v. List the prime factors of v.
3, 173
Let r = -3635 + -1925. What are the prime factors of 2/7 + r/(-140)?
2, 5
Let p(j) = -103*j + 3. Let q be p(-1). Let i = q + -34. What are the prime factors of 5/(5/(-1)) + i?
71
Let w = -16 - -2. Let r = 22 + w. Suppose 146 = -r*v + 10*v. List the prime factors of v.
73
Suppose 17 + 1 = 9*m. Suppose x + 123 = 5*d - 474, m*x = -d + 126. List the prime factors of d.
2, 3, 5
Let q be 9*(4 - (-4 - 0)). Suppose 0 = 5*z - q - 113. What are the prime factors of z?
37
Suppose -9310 = -6*g + 254. List the prime factors of g.
2, 797
Let v(c) = 4*c + 17. Let u be v(-6). Let r(h) = h**2 + 3*h + 4. What are the prime factors of r(u)?
2
Suppose 4*j + 30 = -2*g, -5*g + 2*j = j + 31. Suppose 21*z - 98 - 280 = 0. Let x = g + z. What are the prime factors of x?
11
Let x(f) = 2*f + 7. Suppose 0 = 2*k + 2 + 14. Let l be x(k). Let u = 15 + l. List the prime factors of u.
2, 3
Let p(u) = 29*u - 62. What are the prime factors of p(17)?
431
Let s be 2 + (0 + 4 - (-12 - -18)). Let q be (-6)/21 + (-30)/(-7). Suppose l + 130 = 4*a + a, -q*a - 5*l + 75 = s. List the prime factors of a.
5
Suppose 817 + 663 = 5*w. Suppose -4*l = t - 269, w = 4*l - 5*t + 9. What are the prime factors of l?
2, 17
Suppose -8*f + 25 = -3*f. Suppose j + 24 = 4*c - j, -3*j = -2*c + 20. Suppose -2*y - y = -f*s + 32, 4*y = c*s - 24. List the prime factors of s.
7
Let a(l) = l**2 - 14*l + 8. Let t be a(14). Suppose 4 - t = -4*q. Suppose -q - 5 = -2*c. What are the prime factors of c?
3
List the prime factors of (1 - -34)*-3*20/(-4).
3, 5, 7
Let j(o) = o**2 - 6*o + 21. Let r be j(4). Suppose 0 = 3*i - 113 - r. What are the prime factors of i?
2, 3, 7
Let y(n) = 36*n**2 - 146*n - 574. What are the prime factors of y(-4)?
2, 293
Let p(m) = -3*m**3 + 2*m**2 - 5*m - 10. Let q be p(5). Let u = q + 538. What are the prime factors of u?
2, 89
List the prime factors of 60/45*495/3.
2, 5, 11
Suppose -5*g = 5 - 15. Let y be -3 - 186/(-4 + g). Let a = -61 + y. What are the prime factors of a?
29
Let q(g) = -g**2 + 7*g + 1. Let u(t) = t**3 - 10*t**2 + 11*t - 13. Let p be u(9). Let n be q(p). Suppose 2*c = c + n. What are the prime factors of c?
11
Let y(c) = 5*c + 85. List the prime factors of y(-13).
2, 5
Let x = 7 - 7. Suppose 5*h - 169 = -4*v - 19, 3*h + 2*v = 90. Suppose x = -0*u - 4*u - d + 109, -h = -u - 3*d. List the prime factors of u.
3
Suppose -6 = -5*b + 3*l, b = -b + 3*l - 3. Let u(m) = 3*m**3 - 5*m**2 + 3*m - 4. List the prime factors of u(b).
41
Suppose -6*l + 262 = -4*l. Suppose -l = -2*i + 11. What are the prime factors of i?
71
Let t(d) = 7*d + 19. Suppose 0 = -9*c + 5*c + 32. Let a be t(c). List the prime factors of a/30*136/10.
2, 17
Let o be 1 - 15/17 - (-763)/17. Suppose 0 = 4*m - 2*m - 8, 5*c = 5*m + o. What are the prime factors of c?
13
Suppose 4 = -3*d - 2. Let k be (-320)/(-6) - d/(-6). Suppose 0 = 3*n - q - 42, 5*n - 18 - k = 2*q. List the prime factors of n.
13
Let c(n) = -4*n - 1. Let g be -11 + 9 - (-6 - 0). Let x = -2 - g. List the prime factors of c(x).
23
Let x(j) = -4*j - 13. Let b(f) = 10*f + 32. Suppose 0*c = -2*c - 24. Let a(m) = c*x(m) - 5*b(m). What are the prime factors of a(-7)?
2, 5
Let o(y) = y**2 + 66*y - 16. List the prime factors of o(14).
2, 3, 23
Let k(r) = 2*r**3 + 11*r**2 - 8*r + 12. Let u = 12 - 13. Let i(l) = l**3 + l**2. Let x(d) = u*k(d) + i(d). What are the prime factors of x(-11)?
3, 7
Suppose -21 = 2*z - 3*g, -z + 5*g - 38 = 9*g. Let a(t) = -t**3 - 2*t**2 + 4*t - 2. Let i be a(3). Let h = z - i. List the prime factors of h.
17
Let m(d) = -15*d**3 + 2*d**2 + d. Let c be m(-1). Let t(l) = -l**2 + 2*l - 2. Let r be t(4). Let b = c + r. What are the prime factors of b?
2, 3
Let l = -181 + 3732. What are the prime factors of l?
53, 67
Let f = -19 + 23. Suppose -16 = -4*m - 5*j, 5*m - f*j = -2*j + 20. List the prime factors of m.
2
Suppose -22*v + 20*v + 1950 = 0. List the prime factors of v.
3, 5, 13
Let o = 22 - 22. Suppose -4*i + o*i = 1848. What are the prime factors of (i/28)/((-1)/2)?
3, 11
List the prime factors of ((-2562)/49)/((-3)/147).
2, 3, 7, 61
Let v(o) = -o**2 - 18*o - 4. Let f be v(-17). Suppose 8*c = f*c - 650. What are the prime factors of c?
2, 5, 13
Let s = 1 + 10. Suppose 4*o = 20, 0*z - z + s = 2*o. What are the prime factors of (39/(-12))/(z/(-4))?
13
Let l = -6 + 6. Suppose l = 10*k - 7*k. Suppose 5*o + 2*c - 92 = k, 0*c + 52 = 2*o - 3*c. What are the prime factors of o?
2, 5
Suppose -2*r + 2*o = 18, 0*r - 15 = 2*r - o. Suppose f - 15 = -2*y - 41, 4*f = 4*y - 92. What are the prime factors of r*2*36/f?
2, 3
Suppose 3*r + 19 + 41 = 3*l, -40 = 2*r + 4*l. Let q = r + -31. Let d = q - -78. List the prime factors of d.
3
What are the prime factors of ((-111)/148)/(3/(-652))?
163
Let c(a) = -2*a**3 - 3*a**2 + 2. Let v be (0 - -2)/(5 + -6). Let w be c(v). Suppose 3*x - x - w = 0. What are the prime factors of x?
3
Suppose -t + 3*a - 7 = -0*t, -3 = -a. Let y be t/(-8) - 14/8. What are the prime factors of ((-1)/y)/((-4)/(-48))?
2, 3
Suppose -7*h + 2576 = -0*h. What are the prime factors of h?
2, 23
Let w be (-4 - -5)/((-4)/32). What are the prime factors of (-10)/(-40) + (-390)/w?
7
Let q(i) = -15*i - 21. Let r(u) = 46*u + 62. Let p(v) = -11*q(v) - 4*r(v). What are the prime factors of p(-10)?
173
Let l(i) be the first derivative of -i**2/2 - 14*i - 9. Let d be l(-8). List the prime factors of (-182)/(-8) - d/24.
23
Let b(q) = q**2 - 7*q + 4. Let w be b(7). Suppose -5 = 3*x - w*x. What are the prime factors of x?
5
Let a be (-34)/(-4) - 15/10. Suppose -85 = 2*c - a*c. List the prime factors of c.
17
Let j = 49 + -36. Suppose j*u + 59 = 722. What are the prime factors of u?
3, 17
Let y be -30*(3 + 14/(-4)). Let g be 1*5/(y/228). Suppose -g = -2*u - 5*x, -4*x - 68 = u - 4*u. What are the prime factors of u?
2, 7
Suppose 205*b - 9922 = 194*b. What are the prime factors of b?
2, 11, 41
Let g = 10 + 10. Let t(y) = y + 3*y - 2 + g - y. What are the prime factors of t(9)?
3, 5
Let f(x) = -x**2 - 3*x + 1. Let t be f(-4). Let k(i) = -2*i**3 - 4 + 3*i**2 + 3*i + 1 + 4 - 6*i**2 + 0. What are the prime factors of k(t)?
19
Let p(r) be the first derivative of 15*r**2/2 + 4*r + 8. List the prime factors of p(2).
2, 17
Let f(o) = -o - 15. Let u be f(-17). Let t = 0 + u. List the prime factors of t.
2
Let s(f) = -6*f - 3. Let c be s(-5). Let p = 1 + c. List the prime factors of p.
2, 7
Let l be ((-3 + 4)*-97)/(-1). Suppose 4*t = 5*m + 298, 4*t - 176 = 2*m - 52. Let j = l + m. List the prime factors of j.
3, 13
Suppose -42*c - 8665 + 87121 = 0. What are the prime factors of c?
2, 467
Suppose b + 4*s = 704, b - 2*s - 975 = -265. What are the prime factors of b?
2, 3, 59
Let h(w) be the third derivative of w**6/120 - w**5/10 - w**4/3 + 2*w**3/3 + 5*w**2. Let m be h(7). What are the prime factors of ((-100)/6)/(2/m)?
5
Suppose -6*j = -4*j - 758. Let z = -175 + j. Suppose z - 59 = 5*m. List the prime factors of m.
29
Let y(w) = -w**2 + 5*w + 7. Let u(l) = l - 1. Let i(j) = 4*u(j) - y(j). List the prime factors of i(-6).
31
Suppose -391*k + 384*k = -7798. What are the prime factors of k?
2, 557
Suppose 8*y - 702 = 10*y. Let r = -182 - y. What are the prime factors of r?
13
Suppose 3 = 2*s - 7. Let t(m) = -3*m - 20. Let i be t(-8). Suppose -s*n = b + 3*b - 70, -4*n - i*b + 52 = 0. What are the prime factors of n?
2, 3
Let i be (1/(-1))/(3/(-3)). Let j(a) = 144*a**2 - a + 1. Let u be j(i). Suppose -u = p - 4*p. What are the prime factors of p?
2, 3
Suppose 0 = 3*m + 2*m - 5*j - 1430, 